{"id":17,"date":"2023-01-30T16:19:25","date_gmt":"2023-01-30T15:19:25","guid":{"rendered":"https:\/\/dev.reichelfoto.de\/workshops\/"},"modified":"2024-09-25T12:38:25","modified_gmt":"2024-09-25T10:38:25","slug":"workshops","status":"publish","type":"page","link":"https:\/\/www.reichelfotografie.de\/de\/workshops\/","title":{"rendered":"Workshops"},"content":{"rendered":"\n<h1 class=\"wp-block-heading\">Fotoworkshops in Frankfurt mit J\u00fcrgen Reichel<\/h1>\n\n\n\n<div style=\"height:40px\" aria-hidden=\"true\" class=\"wp-block-spacer\"><\/div>\n\n\n\n<div class=\"wp-block-group\"><div class=\"wp-block-group__inner-container is-layout-constrained wp-block-group-is-layout-constrained\">\n<h2 class=\"wp-block-heading\">Fotokurs: Architektur-Fotografie in Frankfurt am Main<\/h2>\n\n\n\n<h3 class=\"wp-block-heading\">Einzel- oder Gruppenworkshop<\/h3>\n\n\n\n<p>Ein ganzt\u00e4giger Workshop<strong> <\/strong>in Frankfurt am Main. Gemeinsam besuchen wir Schaupl\u00e4tze f\u00fcr eure Lieblingsfotos. Freut euch auf einen Tag mit ganzt\u00e4gigem Fotowalk und Shooting an ausgew\u00e4hlten Locations sowie ausf\u00fchrlichen Diskussionen \u00fcber Herangehensweise und wie ihr diese in eurer Fotografie umsetzen k\u00f6nnt. <br><br>Ich vermittle <strong>Fachwissen in den Bereichen Architekturfotografie<\/strong>, Kompositionstechniken, Storytelling und Social-Media-Strategie. Die Route durch Frankfurt am Main passe ich den Lichtverh\u00e4ltnissen der jeweiligen Location an.<\/p>\n\n\n\n<div style=\"height:20px\" aria-hidden=\"true\" class=\"wp-block-spacer\"><\/div>\n\n\n\n<h2 class=\"wp-block-heading\">Inhalte des Workshops<\/h2>\n\n\n\n<div class=\"wp-block-columns is-layout-flex wp-container-core-columns-is-layout-9d6595d7 wp-block-columns-is-layout-flex\">\n<div class=\"wp-block-column is-layout-flow wp-block-column-is-layout-flow\">\n<figure class=\"wp-block-image size-medium is-resized\"><img loading=\"lazy\" decoding=\"async\" width=\"300\" height=\"200\" src=\"https:\/\/www.reichelfotografie.de\/de\/wp-content\/uploads\/sites\/2\/22_Skyline_Sonnenuntergang_Frankfurt-1-300x200.jpg\" alt=\"Totokurs bei Architekturfotografen J\u00fcrgen Reichel, Bild Sonnenuntergang\" class=\"wp-image-141\" style=\"width:400px\" srcset=\"https:\/\/www.reichelfotografie.de\/de\/wp-content\/uploads\/sites\/2\/22_Skyline_Sonnenuntergang_Frankfurt-1-300x200.jpg 300w, https:\/\/www.reichelfotografie.de\/de\/wp-content\/uploads\/sites\/2\/22_Skyline_Sonnenuntergang_Frankfurt-1-1800x1200.jpg 1800w, https:\/\/www.reichelfotografie.de\/de\/wp-content\/uploads\/sites\/2\/22_Skyline_Sonnenuntergang_Frankfurt-1-768x512.jpg 768w, https:\/\/www.reichelfotografie.de\/de\/wp-content\/uploads\/sites\/2\/22_Skyline_Sonnenuntergang_Frankfurt-1-1536x1024.jpg 1536w, https:\/\/www.reichelfotografie.de\/de\/wp-content\/uploads\/sites\/2\/22_Skyline_Sonnenuntergang_Frankfurt-1.jpg 1920w\" sizes=\"auto, (max-width: 300px) 100vw, 300px\" \/><\/figure>\n<\/div>\n\n\n\n<div class=\"wp-block-column is-layout-flow wp-block-column-is-layout-flow\">\n<ul class=\"wp-block-list\">\n<li>Kameratechnik, Einsatz von Filtern,<\/li>\n\n\n\n<li>Kompositionstechniken und Bildaufbau,<\/li>\n\n\n\n<li>Licht als zentrales Gestaltungselement,<\/li>\n\n\n\n<li>Fotografieren mit Stativ und aus der Hand,<\/li>\n\n\n\n<li>eure fotografische Nische finden,<\/li>\n\n\n\n<li>Gestaltung eines eigenen Stils,<\/li>\n\n\n\n<li>Wirkung Eurer Arbeit,<\/li>\n\n\n\n<li>Storytelling,<\/li>\n\n\n\n<li>Strategien f\u00fcr Social Media.<\/li>\n<\/ul>\n<\/div>\n<\/div>\n<\/div><\/div>\n\n\n\n<div style=\"height:0px\" aria-hidden=\"true\" class=\"wp-block-spacer\"><\/div>\n\n\n\n<div style=\"height:70px\" aria-hidden=\"true\" class=\"wp-block-spacer\"><\/div>\n\n\n\n<div class=\"wp-block-group\"><div class=\"wp-block-group__inner-container is-layout-constrained wp-block-group-is-layout-constrained\">\n<h2 class=\"wp-block-heading\">Bildnachbearbeitung in Lightroom und Photoshop<\/h2>\n\n\n\n<p><\/p>\n\n\n\n<p>Bei Interesse an einer intensiven Weiterentwicklung eurer Bildnachbearbeitung in Lightroom und Photoshop biete ich euch gerne auf Anfrage pers\u00f6nliche Kurse an. Bitte schickt mir eine Nachricht \u00fcber das Kontaktformular, um einen Termin zu vereinbaren.<\/p>\n<\/div><\/div>\n\n\n\n<div style=\"height:20px\" aria-hidden=\"true\" class=\"wp-block-spacer\"><\/div>\n\n\n\n<p><strong>Termine<\/strong>: <br>jeweils Freitag, Samstag und Sonntag (einfach Terminvorschlag senden)<br><strong>Teilnehmer<\/strong>:<br>4-5 Teilnehmer (auf Anfrage auch als Einzelkurs buchbar)<br><strong>Preis<\/strong>: <br>150 Euro inkl. MwSt. pro Person <br><\/p>\n\n\n\n<div style=\"height:70px\" aria-hidden=\"true\" class=\"wp-block-spacer\"><\/div>\n\n\n\n<h2 class=\"wp-block-heading\"><strong>FAQ &#8211; h\u00e4ufig gestellte Fragen<\/strong><\/h2>\n\n\n\n<p><\/p>\n\n\n\n<p><strong>Was kostet ein Workshop?<\/strong><br>150 Euro inkl. MwSt. pro Person &amp; Workshop<\/p>\n\n\n\n<p><strong>Wie viele Personen k\u00f6nnen an einem Workshop teilnehmen?<\/strong><\/p>\n\n\n\n<p>Einzelworkshop: Die Teilnahme ist f\u00fcr eine Person vorgesehen. Ihr m\u00fcsst 18 Jahre oder \u00e4lter sein, um an diesem Workshop teilnehmen zu k\u00f6nnen. Die Gruppen-Workshops finden bewusst in kleinen Gruppen von max. 4\/5 Personen statt. W\u00e4hrend des Workshops sind keine Videoaufnahmen erlaubt.<\/p>\n\n\n\n<p><strong>Wie lange dauert ein Workshop?<\/strong><\/p>\n\n\n\n<p>Ich vereinbare einen Treffpunkt in Frankfurt um 10 Uhr. Bis 10.30 Uhr wird der Tagesablauf besprochen. Der Workshop Tag endet um 18 Uhr. Es gibt eine Mittagspause von 30 Minuten oder auch l\u00e4nger, falls notwendig.<\/p>\n\n\n\n<p><strong>Muss ich ein erfahrener Fotograf sein, um teilnehmen zu k\u00f6nnen?<\/strong><\/p>\n\n\n\n<p>Fotografinnen und Fotografen aller Erfahrungsstufen sind willkommen.<\/p>\n\n\n\n<p><strong>Welche Kameras sollen mitgebracht werden?<\/strong><\/p>\n\n\n\n<p>Alle Arten von Kameras sind willkommen, alle haben das Potenzial, ein tolles Foto zu machen.<\/p>\n\n\n\n<p><strong>Kann ich einen Workshop verschenken?<\/strong><\/p>\n\n\n\n<p>Gerne, aber bitte kontaktiert mich vorher, um mir den Namen des Beschenkten mitzuteilen.<\/p>\n\n\n\n<p><strong>Werden die Workshops bei schlechtem Wetter verschoben?<\/strong><\/p>\n\n\n\n<p>Nein. Ich plane zwei Routen pro Workshop. Eine haupts\u00e4chlich drau\u00dfen bei sch\u00f6nem Wetter und einen drinnen falls es regnet.<\/p>\n\n\n\n<p><strong>Wie anstrengend ist ein Workshop?<\/strong><\/p>\n\n\n\n<p>In der Regel gehen wir etwa 10 Kilometer am Tag. Da die Workshops in der Stadt stattfinden, ist das nicht allzu anstrengend.<\/p>\n\n\n\n<p><strong>Ist das Mittagessen inbegriffen?<\/strong><\/p>\n\n\n\n<p>Die Teilnehmer werden gebeten, ihr eigenes Mittagessen mitzubringen oder w\u00e4hrend der Mittagspause zu kaufen.<\/p>\n\n\n\n<p><\/p>\n\n\n\n<p><\/p>\n\n\n\n<p><strong>Wenn du \u00fcber neue Workshops informiert werden m\u00f6chtest, trage dich gern in den Newsletter unten ein.<\/strong><\/p>\n\n\n\n<p><\/p>\n","protected":false},"excerpt":{"rendered":"<p>Fotoworkshops in Frankfurt mit J\u00fcrgen Reichel Fotokurs: Architektur-Fotografie in Frankfurt am Main Einzel- oder Gruppenworkshop Ein ganzt\u00e4giger Workshop in Frankfurt am Main. Gemeinsam besuchen wir Schaupl\u00e4tze f\u00fcr eure Lieblingsfotos. Freut<span>&#8230;<\/span><a class=\"moretag\" href=\"https:\/\/www.reichelfotografie.de\/de\/workshops\/\"><span class=\"deutsch\">\u00bb Weiterlesen<\/span><span class=\"english\">\u00bb Read more<\/span><\/a><\/p>\n","protected":false},"author":1,"featured_media":83,"parent":0,"menu_order":3,"comment_status":"closed","ping_status":"closed","template":"","meta":{"footnotes":""},"class_list":["post-17","page","type-page","status-publish","has-post-thumbnail","hentry"],"_links":{"self":[{"href":"https:\/\/www.reichelfotografie.de\/de\/wp-json\/wp\/v2\/pages\/17","targetHints":{"allow":["GET"]}}],"collection":[{"href":"https:\/\/www.reichelfotografie.de\/de\/wp-json\/wp\/v2\/pages"}],"about":[{"href":"https:\/\/www.reichelfotografie.de\/de\/wp-json\/wp\/v2\/types\/page"}],"author":[{"embeddable":true,"href":"https:\/\/www.reichelfotografie.de\/de\/wp-json\/wp\/v2\/users\/1"}],"replies":[{"embeddable":true,"href":"https:\/\/www.reichelfotografie.de\/de\/wp-json\/wp\/v2\/comments?post=17"}],"version-history":[{"count":36,"href":"https:\/\/www.reichelfotografie.de\/de\/wp-json\/wp\/v2\/pages\/17\/revisions"}],"predecessor-version":[{"id":521,"href":"https:\/\/www.reichelfotografie.de\/de\/wp-json\/wp\/v2\/pages\/17\/revisions\/521"}],"wp:featuredmedia":[{"embeddable":true,"href":"https:\/\/www.reichelfotografie.de\/de\/wp-json\/wp\/v2\/media\/83"}],"wp:attachment":[{"href":"https:\/\/www.reichelfotografie.de\/de\/wp-json\/wp\/v2\/media?parent=17"}],"curies":[{"name":"wp","href":"https:\/\/api.w.org\/{rel}","templated":true}]}}

<h1 class="wp-block-heading">Fotoworkshops in Frankfurt mit Jürgen Reichel</h1>



<div style="height:40px" aria-hidden="true" class="wp-block-spacer"></div>



<div class="wp-block-group"><div class="wp-block-group__inner-container is-layout-constrained wp-block-group-is-layout-constrained">
<h2 class="wp-block-heading">Fotokurs: Architektur-Fotografie in Frankfurt am Main</h2>



<h3 class="wp-block-heading">Einzel- oder Gruppenworkshop</h3>



<p>Ein ganztägiger Workshop<strong> </strong>in Frankfurt am Main. Gemeinsam besuchen wir Schauplätze für eure Lieblingsfotos. Freut euch auf einen Tag mit ganztägigem Fotowalk und Shooting an ausgewählten Locations sowie ausführlichen Diskussionen über Herangehensweise und wie ihr diese in eurer Fotografie umsetzen könnt. <br><br>Ich vermittle <strong>Fachwissen in den Bereichen Architekturfotografie</strong>, Kompositionstechniken, Storytelling und Social-Media-Strategie. Die Route durch Frankfurt am Main passe ich den Lichtverhältnissen der jeweiligen Location an.</p>



<div style="height:20px" aria-hidden="true" class="wp-block-spacer"></div>



<h2 class="wp-block-heading">Inhalte des Workshops</h2>



<div class="wp-block-columns is-layout-flex wp-container-core-columns-is-layout-9d6595d7 wp-block-columns-is-layout-flex">
<div class="wp-block-column is-layout-flow wp-block-column-is-layout-flow">
<figure class="wp-block-image size-medium is-resized"><img loading="lazy" decoding="async" width="300" height="200" src="https://www.reichelfotografie.de/de/wp-content/uploads/sites/2/22_Skyline_Sonnenuntergang_Frankfurt-1-300x200.jpg" alt="Totokurs bei Architekturfotografen Jürgen Reichel, Bild Sonnenuntergang" class="wp-image-141" style="width:400px" srcset="https://www.reichelfotografie.de/de/wp-content/uploads/sites/2/22_Skyline_Sonnenuntergang_Frankfurt-1-300x200.jpg 300w, https://www.reichelfotografie.de/de/wp-content/uploads/sites/2/22_Skyline_Sonnenuntergang_Frankfurt-1-1800x1200.jpg 1800w, https://www.reichelfotografie.de/de/wp-content/uploads/sites/2/22_Skyline_Sonnenuntergang_Frankfurt-1-768x512.jpg 768w, https://www.reichelfotografie.de/de/wp-content/uploads/sites/2/22_Skyline_Sonnenuntergang_Frankfurt-1-1536x1024.jpg 1536w, https://www.reichelfotografie.de/de/wp-content/uploads/sites/2/22_Skyline_Sonnenuntergang_Frankfurt-1.jpg 1920w" sizes="auto, (max-width: 300px) 100vw, 300px" /></figure>
</div>



<div class="wp-block-column is-layout-flow wp-block-column-is-layout-flow">
<ul class="wp-block-list">
<li>Kameratechnik, Einsatz von Filtern,</li>



<li>Kompositionstechniken und Bildaufbau,</li>



<li>Licht als zentrales Gestaltungselement,</li>



<li>Fotografieren mit Stativ und aus der Hand,</li>



<li>eure fotografische Nische finden,</li>



<li>Gestaltung eines eigenen Stils,</li>



<li>Wirkung Eurer Arbeit,</li>



<li>Storytelling,</li>



<li>Strategien für Social Media.</li>
</ul>
</div>
</div>
</div></div>



<div style="height:0px" aria-hidden="true" class="wp-block-spacer"></div>



<div style="height:70px" aria-hidden="true" class="wp-block-spacer"></div>



<div class="wp-block-group"><div class="wp-block-group__inner-container is-layout-constrained wp-block-group-is-layout-constrained">
<h2 class="wp-block-heading">Bildnachbearbeitung in Lightroom und Photoshop</h2>



<p></p>



<p>Bei Interesse an einer intensiven Weiterentwicklung eurer Bildnachbearbeitung in Lightroom und Photoshop biete ich euch gerne auf Anfrage persönliche Kurse an. Bitte schickt mir eine Nachricht über das Kontaktformular, um einen Termin zu vereinbaren.</p>
</div></div>



<div style="height:20px" aria-hidden="true" class="wp-block-spacer"></div>



<p><strong>Termine</strong>: <br>jeweils Freitag, Samstag und Sonntag (einfach Terminvorschlag senden)<br><strong>Teilnehmer</strong>:<br>4-5 Teilnehmer (auf Anfrage auch als Einzelkurs buchbar)<br><strong>Preis</strong>: <br>150 Euro inkl. MwSt. pro Person <br></p>



<div style="height:70px" aria-hidden="true" class="wp-block-spacer"></div>



<h2 class="wp-block-heading"><strong>FAQ &#8211; häufig gestellte Fragen</strong></h2>



<p></p>



<p><strong>Was kostet ein Workshop?</strong><br>150 Euro inkl. MwSt. pro Person &amp; Workshop</p>



<p><strong>Wie viele Personen können an einem Workshop teilnehmen?</strong></p>



<p>Einzelworkshop: Die Teilnahme ist für eine Person vorgesehen. Ihr müsst 18 Jahre oder älter sein, um an diesem Workshop teilnehmen zu können. Die Gruppen-Workshops finden bewusst in kleinen Gruppen von max. 4/5 Personen statt. Während des Workshops sind keine Videoaufnahmen erlaubt.</p>



<p><strong>Wie lange dauert ein Workshop?</strong></p>



<p>Ich vereinbare einen Treffpunkt in Frankfurt um 10 Uhr. Bis 10.30 Uhr wird der Tagesablauf besprochen. Der Workshop Tag endet um 18 Uhr. Es gibt eine Mittagspause von 30 Minuten oder auch länger, falls notwendig.</p>



<p><strong>Muss ich ein erfahrener Fotograf sein, um teilnehmen zu können?</strong></p>



<p>Fotografinnen und Fotografen aller Erfahrungsstufen sind willkommen.</p>



<p><strong>Welche Kameras sollen mitgebracht werden?</strong></p>



<p>Alle Arten von Kameras sind willkommen, alle haben das Potenzial, ein tolles Foto zu machen.</p>



<p><strong>Kann ich einen Workshop verschenken?</strong></p>



<p>Gerne, aber bitte kontaktiert mich vorher, um mir den Namen des Beschenkten mitzuteilen.</p>



<p><strong>Werden die Workshops bei schlechtem Wetter verschoben?</strong></p>



<p>Nein. Ich plane zwei Routen pro Workshop. Eine hauptsächlich draußen bei schönem Wetter und einen drinnen falls es regnet.</p>



<p><strong>Wie anstrengend ist ein Workshop?</strong></p>



<p>In der Regel gehen wir etwa 10 Kilometer am Tag. Da die Workshops in der Stadt stattfinden, ist das nicht allzu anstrengend.</p>



<p><strong>Ist das Mittagessen inbegriffen?</strong></p>



<p>Die Teilnehmer werden gebeten, ihr eigenes Mittagessen mitzubringen oder während der Mittagspause zu kaufen.</p>



<p></p>



<p></p>



<p><strong>Wenn du über neue Workshops informiert werden möchtest, trage dich gern in den Newsletter unten ein.</strong></p>



<p></p>

<p>Fotoworkshops in Frankfurt mit Jürgen Reichel Fotokurs: Architektur-Fotografie in Frankfurt am Main Einzel- oder Gruppenworkshop Ein ganztägiger Workshop in Frankfurt am Main. Gemeinsam besuchen wir Schauplätze für eure Lieblingsfotos. Freut<span>&#8230;</span><a class="moretag" href="https://www.reichelfotografie.de/de/workshops/"><span class="deutsch">» Weiterlesen</span><span class="english">» Read more</span></a></p>
